[INFO] cloning repository https://github.com/liamim/tinshel
[INFO] running `Command { std: "git" "-c" "credential.helper=" "-c" "credential.helper=/workspace/cargo-home/bin/git-credential-null" "clone" "--bare" "https://github.com/liamim/tinshel" "/workspace/cache/git-repos/https%3A%2F%2Fgithub.com%2Fliamim%2Ftinshel", kill_on_drop: false }`
[INFO] [stderr] Cloning into bare repository '/workspace/cache/git-repos/https%3A%2F%2Fgithub.com%2Fliamim%2Ftinshel'...
[INFO] running `Command { std: "git" "rev-parse" "HEAD", kill_on_drop: false }`
[INFO] [stdout] f6e1091f19d753cd081ff7fc5104453af54cb2c0
[INFO] checking liamim/tinshel against try#72f88fc4e9458f89516a0b8b0868f3718aec5b47 for pr-74989
[INFO] running `Command { std: "git" "clone" "/workspace/cache/git-repos/https%3A%2F%2Fgithub.com%2Fliamim%2Ftinshel" "/workspace/builds/worker-1/source", kill_on_drop: false }`
[INFO] [stderr] Cloning into '/workspace/builds/worker-1/source'...
[INFO] [stderr] done.
[INFO] validating manifest of git repo https://github.com/liamim/tinshel on toolchain 72f88fc4e9458f89516a0b8b0868f3718aec5b47
[INFO] running `Command { std: "/workspace/cargo-home/bin/cargo" "+72f88fc4e9458f89516a0b8b0868f3718aec5b47" "read-manifest" "--manifest-path" "Cargo.toml", kill_on_drop: false }`
[INFO] started tweaking git repo https://github.com/liamim/tinshel
[INFO] finished tweaking git repo https://github.com/liamim/tinshel
[INFO] tweaked toml for git repo https://github.com/liamim/tinshel written to /workspace/builds/worker-1/source/Cargo.toml
[INFO] crate git repo https://github.com/liamim/tinshel already has a lockfile, it will not be regenerated
[INFO] running `Command { std: "/workspace/cargo-home/bin/cargo" "+72f88fc4e9458f89516a0b8b0868f3718aec5b47" "fetch" "--locked" "--manifest-path" "Cargo.toml", kill_on_drop: false }`
[INFO] [stderr] error: the lock file /workspace/builds/worker-1/source/Cargo.lock needs to be updated but --locked was passed to prevent this
[INFO] [stderr] If you want to try to generate the lock file without accessing the network, use the --offline flag.
[INFO] the lockfile is outdated, regenerating it
[INFO] running `Command { std: "/workspace/cargo-home/bin/cargo" "+72f88fc4e9458f89516a0b8b0868f3718aec5b47" "generate-lockfile" "--manifest-path" "Cargo.toml" "-Zno-index-update", kill_on_drop: false }`
[INFO] running `Command { std: "/workspace/cargo-home/bin/cargo" "+72f88fc4e9458f89516a0b8b0868f3718aec5b47" "fetch" "--locked" "--manifest-path" "Cargo.toml", kill_on_drop: false }`
[INFO] running `Command { std: "docker" "create" "-v" "/var/lib/crater-agent-workspace/builds/worker-1/target:/opt/rustwide/target:rw,Z" "-v" "/var/lib/crater-agent-workspace/builds/worker-1/source:/opt/rustwide/workdir:ro,Z" "-v" "/var/lib/crater-agent-workspace/cargo-home:/opt/rustwide/cargo-home:ro,Z" "-v" "/var/lib/crater-agent-workspace/rustup-home:/opt/rustwide/rustup-home:ro,Z" "-e" "SOURCE_DIR=/opt/rustwide/workdir" "-e" "CARGO_TARGET_DIR=/opt/rustwide/target" "-e" "CARGO_HOME=/opt/rustwide/cargo-home" "-e" "RUSTUP_HOME=/opt/rustwide/rustup-home" "-w" "/opt/rustwide/workdir" "-m" "1610612736" "--user" "0:0" "--network" "none" "rustops/crates-build-env@sha256:d92eaeed33fa75130ca1ee6c8a01d1ffb62bac859dfdfb3450e3e5d1c0146529" "/opt/rustwide/cargo-home/bin/cargo" "+72f88fc4e9458f89516a0b8b0868f3718aec5b47" "metadata" "--no-deps" "--format-version=1", kill_on_drop: false }`
[INFO] [stderr] WARNING: Your kernel does not support swap limit capabilities or the cgroup is not mounted. Memory limited without swap.
[INFO] [stdout] 5819f29c6f6aafa0591d68c80d101433a0e252ace0210e6148431fb245b0bc17
[INFO] running `Command { std: "docker" "start" "-a" "5819f29c6f6aafa0591d68c80d101433a0e252ace0210e6148431fb245b0bc17", kill_on_drop: false }`
[INFO] running `Command { std: "docker" "inspect" "5819f29c6f6aafa0591d68c80d101433a0e252ace0210e6148431fb245b0bc17", kill_on_drop: false }`
[INFO] running `Command { std: "docker" "rm" "-f" "5819f29c6f6aafa0591d68c80d101433a0e252ace0210e6148431fb245b0bc17", kill_on_drop: false }`
[INFO] [stdout] 5819f29c6f6aafa0591d68c80d101433a0e252ace0210e6148431fb245b0bc17
[INFO] running `Command { std: "docker" "create" "-v" "/var/lib/crater-agent-workspace/builds/worker-1/target:/opt/rustwide/target:rw,Z" "-v" "/var/lib/crater-agent-workspace/builds/worker-1/source:/opt/rustwide/workdir:ro,Z" "-v" "/var/lib/crater-agent-workspace/cargo-home:/opt/rustwide/cargo-home:ro,Z" "-v" "/var/lib/crater-agent-workspace/rustup-home:/opt/rustwide/rustup-home:ro,Z" "-e" "SOURCE_DIR=/opt/rustwide/workdir" "-e" "CARGO_TARGET_DIR=/opt/rustwide/target" "-e" "CARGO_INCREMENTAL=0" "-e" "RUST_BACKTRACE=full" "-e" "RUSTFLAGS=--cap-lints=forbid" "-e" "CARGO_HOME=/opt/rustwide/cargo-home" "-e" "RUSTUP_HOME=/opt/rustwide/rustup-home" "-w" "/opt/rustwide/workdir" "-m" "1610612736" "--user" "0:0" "--network" "none" "rustops/crates-build-env@sha256:d92eaeed33fa75130ca1ee6c8a01d1ffb62bac859dfdfb3450e3e5d1c0146529" "/opt/rustwide/cargo-home/bin/cargo" "+72f88fc4e9458f89516a0b8b0868f3718aec5b47" "check" "--frozen" "--all" "--all-targets" "--message-format=json", kill_on_drop: false }`
[INFO] [stdout] 6e97b5146f237d4dde4e19e31fd6ae33a72f86fa8de068544aea78fb8363b335
[INFO] [stderr] WARNING: Your kernel does not support swap limit capabilities or the cgroup is not mounted. Memory limited without swap.
[INFO] running `Command { std: "docker" "start" "-a" "6e97b5146f237d4dde4e19e31fd6ae33a72f86fa8de068544aea78fb8363b335", kill_on_drop: false }`
[INFO] [stderr]    Compiling winapi-build v0.1.1
[INFO] [stderr]     Checking winapi v0.2.8
[INFO] [stderr]     Checking rustc-serialize v0.3.24
[INFO] [stderr]     Checking log v0.4.11
[INFO] [stderr]     Checking memchr v0.1.11
[INFO] [stderr]     Checking aho-corasick v0.5.3
[INFO] [stderr]    Compiling kernel32-sys v0.2.2
[INFO] [stderr]     Checking log v0.3.9
[INFO] [stderr]     Checking thread-id v2.0.0
[INFO] [stderr]     Checking thread_local v0.2.7
[INFO] [stderr]     Checking regex v0.1.80
[INFO] [stderr]     Checking env_logger v0.3.5
[INFO] [stderr]     Checking toml v0.1.30
[INFO] [stderr]     Checking tinshel v0.0.1 (/opt/rustwide/workdir)
[INFO] [stdout] error[E0412]: cannot find type `ConfigError` in this scope
[INFO] [stdout]   --> src/config.rs:17:66
[INFO] [stdout]    |
[INFO] [stdout] 10 | impl Config {
[INFO] [stdout]    |     - help: you might be missing a type parameter: `<ConfigError>`
[INFO] [stdout] ...
[INFO] [stdout] 17 |     fn load_options(&mut self, options_str: &str) -> Result<Config, ConfigError> {
[INFO] [stdout]    |                                                                     ^^^^^^^^^^^ not found in this scope
[INFO] [stdout] 
[INFO] [stdout] 
[INFO] [stdout] error[E0412]: cannot find type `ConfigError` in this scope
[INFO] [stdout]   --> src/config.rs:26:77
[INFO] [stdout]    |
[INFO] [stdout] 10 | impl Config {
[INFO] [stdout]    |     - help: you might be missing a type parameter: `<ConfigError>`
[INFO] [stdout] ...
[INFO] [stdout] 26 |     fn load_options_from_file(&mut self, options_path: &str) -> Result<Config, ConfigError> {
[INFO] [stdout]    |                                                                                ^^^^^^^^^^^ not found in this scope
[INFO] [stdout] 
[INFO] [stdout] 
[INFO] [stdout] warning: use of deprecated macro `try`: use the `?` operator instead
[INFO] [stdout]   --> src/config.rs:27:18
[INFO] [stdout]    |
[INFO] [stdout] 27 |         let mut file = try!(File::open(options_path));
[INFO] [stdout]    |                        ^^^
[INFO] [stdout]    |
[INFO] [stdout]    = note: `#[warn(deprecated)]` on by default
[INFO] [stdout] 
[INFO] [stdout] 
[INFO] [stdout] warning: use of deprecated macro `try`: use the `?` operator instead
[INFO] [stdout]   --> src/config.rs:30:3
[INFO] [stdout]    |
[INFO] [stdout] 30 |         try!(file.read_to_string(&mut options_str));
[INFO] [stdout]    |         ^^^
[INFO] [stdout] 
[INFO] [stdout] 
[INFO] [stdout] warning: use of deprecated macro `try`: use the `?` operator instead
[INFO] [stdout]   --> src/config.rs:32:3
[INFO] [stdout]    |
[INFO] [stdout] 32 |         try!(self.load_options(&mut options_str))
[INFO] [stdout]    |         ^^^
[INFO] [stdout] 
[INFO] [stdout] 
[INFO] [stdout] warning: unused import: `std::io`
[INFO] [stdout]  --> src/config.rs:1:5
[INFO] [stdout]   |
[INFO] [stdout] 1 | use std::io;
[INFO] [stdout]   |     ^^^^^^^
[INFO] [stdout]   |
[INFO] [stdout]   = note: `#[warn(unused_imports)]` on by default
[INFO] [stdout] 
[INFO] [stdout] 
[INFO] [stdout] error[E0412]: cannot find type `ConfigError` in this scope
[INFO] [stdout]   --> src/config.rs:17:66
[INFO] [stdout]    |
[INFO] [stdout] 10 | impl Config {
[INFO] [stdout]    |     - help: you might be missing a type parameter: `<ConfigError>`
[INFO] [stdout] ...
[INFO] [stdout] 17 |     fn load_options(&mut self, options_str: &str) -> Result<Config, ConfigError> {
[INFO] [stdout]    |                                                                     ^^^^^^^^^^^ not found in this scope
[INFO] [stdout] 
[INFO] [stdout] 
[INFO] [stdout] error[E0412]: cannot find type `ConfigError` in this scope
[INFO] [stdout]   --> src/config.rs:26:77
[INFO] [stdout]    |
[INFO] [stdout] 10 | impl Config {
[INFO] [stdout]    |     - help: you might be missing a type parameter: `<ConfigError>`
[INFO] [stdout] ...
[INFO] [stdout] 26 |     fn load_options_from_file(&mut self, options_path: &str) -> Result<Config, ConfigError> {
[INFO] [stdout]    |                                                                                ^^^^^^^^^^^ not found in this scope
[INFO] [stdout] 
[INFO] [stdout] 
[INFO] [stdout] warning: use of deprecated macro `try`: use the `?` operator instead
[INFO] [stdout]   --> src/config.rs:27:18
[INFO] [stdout]    |
[INFO] [stdout] 27 |         let mut file = try!(File::open(options_path));
[INFO] [stdout]    |                        ^^^
[INFO] [stdout]    |
[INFO] [stdout]    = note: `#[warn(deprecated)]` on by default
[INFO] [stdout] 
[INFO] [stdout] 
[INFO] [stdout] warning: use of deprecated macro `try`: use the `?` operator instead
[INFO] [stdout]   --> src/config.rs:30:3
[INFO] [stdout]    |
[INFO] [stdout] 30 |         try!(file.read_to_string(&mut options_str));
[INFO] [stdout]    |         ^^^
[INFO] [stdout] 
[INFO] [stdout] 
[INFO] [stdout] warning: use of deprecated macro `try`: use the `?` operator instead
[INFO] [stdout]   --> src/config.rs:32:3
[INFO] [stdout]    |
[INFO] [stdout] 32 |         try!(self.load_options(&mut options_str))
[INFO] [stdout]    |         ^^^
[INFO] [stdout] 
[INFO] [stdout] 
[INFO] [stdout] warning: unused import: `std::io`
[INFO] [stdout]  --> src/config.rs:1:5
[INFO] [stdout]   |
[INFO] [stdout] 1 | use std::io;
[INFO] [stdout]   |     ^^^^^^^
[INFO] [stdout]   |
[INFO] [stdout]   = note: `#[warn(unused_imports)]` on by default
[INFO] [stdout] 
[INFO] [stdout] 
[INFO] [stdout] error: aborting due to 2 previous errors; 4 warnings emitted
[INFO] [stdout] 
[INFO] [stdout] 
[INFO] [stdout] For more information about this error, try `rustc --explain E0412`.
[INFO] [stdout] 
[INFO] [stderr] error: could not compile `tinshel`.
[INFO] [stderr] 
[INFO] [stderr] To learn more, run the command again with --verbose.
[INFO] [stderr] warning: build failed, waiting for other jobs to finish...
[INFO] [stdout] error: aborting due to 2 previous errors; 4 warnings emitted
[INFO] [stdout] 
[INFO] [stdout] 
[INFO] [stdout] For more information about this error, try `rustc --explain E0412`.
[INFO] [stdout] 
[INFO] [stderr] error: build failed
[INFO] running `Command { std: "docker" "inspect" "6e97b5146f237d4dde4e19e31fd6ae33a72f86fa8de068544aea78fb8363b335", kill_on_drop: false }`
[INFO] running `Command { std: "docker" "rm" "-f" "6e97b5146f237d4dde4e19e31fd6ae33a72f86fa8de068544aea78fb8363b335", kill_on_drop: false }`
[INFO] [stdout] 6e97b5146f237d4dde4e19e31fd6ae33a72f86fa8de068544aea78fb8363b335
